5
Suppose -81*v = -80*v + 7, -3*j + 2*v + 6776 = 0. What is the remainder when j is divided by 9?
4
Suppose -46*x = -128*x + 18040. What is the remainder when 451 is divided by x?
11
Let y(o) = o**3 - 7*o**2 - o + 21. What is the remainder when y(8) is divided by (-34)/(-2)*(-1)/(-1) - 1?
13
Suppose -v - 65 = 42. Let p = 22 - -101. Let s = p + v. What is the remainder when 77 is divided by s?
13
Let d be (-20)/150 - (-1258)/(-15). Let b = -69 - d. Suppose -i + 58 = -5*h, -128 + 8 = -3*i - 3*h. What is the remainder when i is divided by b?
13
Suppose -131 = -5*r + 3*n, r - 4*r - 2*n + 71 = 0. Let u = -19 + r. Suppose g - 2*t - 42 = -u*t, 4*t = 0. What is the remainder when g is divided by 11?
9
Let w = -3943 + 4197. Calculate the remainder when w is divided by 34.
16
Suppose -6*q + q = -770. Calculate the remainder when q is divided by (-39)/((-4 - -2)/2).
37
Let z = -157 + 149. What is the remainder when (-38)/(-4)*(-10 - z)*-1 is divided by 8?
3
Suppose -2*n + 18 = q, 0 = -5*n - 0 - 10. Let g = -741 + 749. Suppose g*u = -3*u + 2387. What is the remainder when u is divided by q?
19
Let n be 2/4 - (-88)/16. Suppose 33 + 33 = n*k. Let b = k + 73. What is the remainder when b is divided by 22?
18
Calculate the remainder when 2361 is divided by -45 - -50 - (-25 - -1).
12
Let o = 2663 + -1687. Let p = -588 + o. Calculate the remainder when p is divided by 23.
20
Suppose -26*w + 36 = -24*w. Let o = 45 + -40. Suppose 4*l - o*p = 3*l + 4, p = 0. What is the remainder when w is divided by l?
2
Let j(f) be the first derivative of 28*f - 21/2*f**2 + 1/4*f**4 - 20/3*f**3 - 8. Calculate the remainder when 77 is divided by j(21).
21
Let p = -6722 - -6740. What is the remainder when 206 is divided by p?
8
Let o(g) = -574*g + 24243. Let f(m) = 11*m + 1. What is the remainder when o(42) is divided by f(2)?
20
Let k = 44 - 25. Let d = 11 - k. Calculate the remainder when -10*(-5)/((-20)/d) is divided by 7.
6
Let u(s) = -531*s - 795. What is the remainder when u(-4) is divided by 167?
160
Let d = -2240 - -2272. Suppose 3*k = -2*k + 10. Suppose 4*r + 3*l - 79 = 0, -4*r - 4*l + k*l = -78. What is the remainder when d is divided by r?
13
Suppose -16*w - w + 85 = 0. What is the remainder when 73 is divided by 10 - w/(20/(-4))?
7
Suppose 4*o = -q - 2 + 5, -4*o - 135 = -5*q. Let s(n) = 13*n - 121. What is the remainder when s(q) is divided by 12?
10
Let d be (-1070)/(-210) + 4/(-42). Suppose 6*w - d*b - 68 = 2*w, 0 = w + 3*b. What is the remainder when w is divided by 12?
0
Suppose -1689 = -3*z + y, -24*z - 4*y - 1689 = -27*z. Calculate the remainder when z is divided by 138.
11
Let u(z) = z**2 + 3*z + 1. Let p be u(-4). Suppose -p*j + 6*j = 41. Suppose 0 = -0*s + 2*s - 326. What is the remainder when s is divided by j?
40
Let b(t) be the second derivative of 7*t**3/2 + 3*t**2/2 + 75*t. Calculate the remainder when b(4) is divided by 15.
12
Let j(d) = 1199*d**2 + 3*d - 13. What is the remainder when j(2) is divided by 17?
12
Let q(g) = -6*g + 49. Let s be q(8). What is the remainder when ((-10)/8 + s)/(20/(-4240)) is divided by 291/33 + 4/22?
8
Let x(l) = -l**2 + 9*l + 67. Let p be ((-56)/224)/((-2)/56). What is the remainder when x(p) is divided by 28?
25
Suppose 25*u - 95 - 364 = -59. Suppose 0 = 3*f - 177 + 42. Calculate the remainder when f is divided by u.
13
Let t(v) = -3*v**3 + 30*v**2 + v - 7. Let d be t(10). Suppose z - 3*p = 22, 26 = d*z + p - 2*p. Calculate the remainder when z is divided by 5.
2
Let u(d) = -177*d + 585. Let q(r) = -r**3 - 16*r**2 - 2*r - 30. What is the remainder when u(3) is divided by q(-16)?
0
Let g(s) = -47*s - 324. Calculate the remainder when 2459 is divided by g(-7).
4
Let z = 315 + -325. Calculate the remainder when 392 is divided by 6/(-4) + (-455)/z.
40
Let k(i) be the third derivative of -i**5/30 - i**4/24 + 5*i**3/3 - 292*i**2. Calculate the remainder when 2*44 + 1 + -2 is divided by k(0).
7
Let s(v) = 3*v**2 - 9*v - 3. Suppose -3*x = -5*t + 113, -2*t + 69 = 4*x + 3. Suppose -t*d + 43*d = 306. Calculate the remainder when s(7) is divided by d.
13
Let b = 5186 + -3237. What is the remainder when b is divided by 32?
29
Let m = 667 - 583. Calculate the remainder when 22 is divided by 8/(-28) + 1284/m.
7
Let q(d) = -d**3 - 8*d**2 - 3*d - 2. Let h be q(-7). Let x be 70/h*(-4)/((-8)/(-6)). Let l(y) = y**2 + 9. Calculate the remainder when l(x) is divided by 8.
2
Let a = 20269 - 20174. Calculate the remainder when a is divided by 30.
5
Suppose 4*z - 9*z + 105 = 0. Let l = -36 + z. Calculate the remainder when 16 is divided by ((-60)/(-75))/((-2)/l).
4
What is the remainder when 528 + 1/(-3 + (-69)/(-24)) is divided by 39?
13
Suppose a + 5*a = -72. Let b be (2/(-6) + 1)/((-2)/a). What is the remainder when 44 is divided by 4 + 13 - b/2?
14
Let z(c) = c**3 + 8*c**2 + 8*c - 8. Suppose 28*m + 69 = -71. Calculate the remainder when 49 is divided by z(m).
22
Suppose 32 = p - 0. What is the remainder when 2/((-6)/(-168)*1) is divided by p?
24
Let y(f) = -133*f - 626. What is the remainder when y(-21) is divided by 135?
7
Let f(o) = 22*o + 8. Let s be f(3). Let v = s + -71. What is the remainder when 13 is divided by 13/4 + v/(-12)?
1
Suppose -4*n + 4*w = 0, -9*w - 21 + 131 + 22 = 3*n. Let v(j) = 60*j**2 + j. What is the remainder when v(-1) is divided by n?
4
Let k be ((-1379)/(-14))/((-4)/((-32)/(-4))). Let m = k - -286. Suppose -22 = -2*i + 4. What is the remainder when m is divided by i?
11
Suppose w = 3*w - 70. Suppose -78 = u - 97. Suppose -r + 1 = -u. What is the remainder when w is divided by r?
15
Suppose 10 = 5*y, 2*w - 17 = -w - 4*y. Suppose 4*a - 2*a = -w*a. What is the remainder when 26 is divided by 1*(3 + (1 - -5)) - a?
8
Let v(u) = 2*u**2 + 48*u + 18. Let p(y) = -y + 1. Let i(z) = -4*p(z) + v(z). What is the remainder when 234 is divided by i(-26)?
10
Let h = 44 + -23. Let a(u) = 3*u - 17*u + 14*u - 4*u + 85. Calculate the remainder when a(11) is divided by h.
20
Calculate the remainder when 321 - (-8 + 1 - -4) is divided by 33.
27
Let f be (-48)/(-18)*(-27)/6. Let t(s) = s**2 + 17*s + 69. Calculate the remainder when 23 is divided by t(f).
5
Let l be 0 + -1 + (2 - -3). Suppose -l*i + 456 = -2*x, 2*i + 0*x = 3*x + 224. Let a(v) = 2534*v - 167214. Calculate the remainder when i is divided by a(66).
25
Suppose -5*j = -6*j + 16. What is the remainder when 2*47*(14/70)/(2/20) is divided by j?
12
Suppose -35*m - 7*m + 21484 = 1240. Calculate the remainder when m is divided by 69.
68
Suppose 910*l - 914*l + 596 = 0. Calculate the remainder when 890 is divided by l.
145
Suppose 27 + 1 = 2*q. Let s be -2 + 10/2 + q. Let r = 11 + s. What is the remainder when r is divided by 10?
8
Let d = -2969 + 3016. What is the remainder when d is divided by 12?
11
Let k = 2514 - 2278. What is the remainder when k is divided by 34?
32
Let k = -5 - -8. Suppose 1130 = 5*t + 295. Suppose t = k*g - 160. Calculate the remainder when g is divided by 28.
25
Suppose -3*g = -3*m - 138, 5*g - 25 = -0*g. Let u = m + 38. What is the remainder when 126 is divided by (-2 + 1 - -1) + u - -46?
40
Suppose -34*l + 66*l - 1792 = 0. What is the remainder when 782 is divided by l?
54
Let s(n) = -36*n - 570. Calculate the remainder when s(-29) is divided by 50.
24
Let g(y) = y**2 + 132*y + 14. Calculate the remainder when 7585 is divided by g(0).
11
What is the remainder when ((-871)/(-39) - 16)/((-3)/(-36)) is divided by 16?
12
Let k be (24/(-7))/((-6)/42). Suppose h + 2*f - k = -141, 0 = -4*f - 12. Let q = -66 - h. What is the remainder when q is divided by 24?
21
Suppose -4*g + 2*g + 4176 = 2*d, 5*d - 10431 = 4*g. What is the remainder when d is divided by 302?
275
Let d = 7654 + -7089. Calculate the remainder when 1143 is divided by d.
13
Let a = 197 + -163. Calculate the remainder when a is divided by 2/5 + (-315)/(-25).
8
Suppose -320 = -4*i + 9*f - 11*f, -400 = -5*i + f. What is the remainder when i is divided by 38?
4
Suppose 252*h = 3606 + 7734. Suppose 2*t = 4*i - 2*t - 204, -t + 194 = 4*i. Let x = i - 33. What is the remainder when h is divided by x?
13
Let s(v) = -v**3 - 3*v**2 - 2*v + 2. Let g be 92/10 + ((-96)/40)/12. Let f(n) = 4*n**2 - 21*n - 88. What is the remainder when f(g) is divided by s(-4)?
21
Suppose 439 + 460 = 30*b + b. What is the remaind